ab2
In base 12, what is a734 + 2027?
1075b
In base 5, what is -3010211331302 - 2?
-3010211331304
In base 13, what is 428 + -5a58?
-5630
In base 15, what is 4 + -40b3192?
-40b318d
In base 11, what is -39777 - -1127?
-38650
In base 9, what is 5 - -140464?
140470
In base 11, what is -84 - 119417?
-1194a0
In base 10, what is 0 + 5353244?
5353244
In base 6, what is 13541 - -12014?
25555
In base 6, what is -5 + -135551004?
-135551013
In base 9, what is -155 + -566735?
-567001
In base 15, what is e + -1dbbcc?
-1dbbbd
In base 14, what is -64 + -2c182?
-2c206
In base 11, what is 12 + -107890?
-107879
In base 15, what is 17be035 + -2?
17be033
In base 10, what is -18278 + 640?
-17638
In base 5, what is -3013 + 22101013?
22043000
In base 7, what is -52 - 123453545?
-123453630
In base 7, what is 1236365 + -500?
1235565
In base 12, what is -67777858 + 5?
-67777853
In base 13, what is -1 - -2a33103?
2a33102
In base 3, what is -2220101112200 - 20?
-2220101112220
In base 3, what is -12202122101200 + -21?
-12202122101221
In base 8, what is 1 + 3264177?
3264200
In base 9, what is 300205451 - -4?
300205455
In base 14, what is -1841bd - 2?
-1841c1
In base 11, what is 44a - -114aa?
11949
In base 9, what is -12032 - 68127?
-81160
In base 4, what is 23020 - 121312011?
-121222331
In base 10, what is -1950 - 5490?
-7440
In base 15, what is 40289 - -62c?
408b6
In base 10, what is 224849 - 65?
224784
In base 10, what is -153 + -68467?
-68620
In base 8, what is -5123 + -403002?
-410125
In base 12, what is b41 + 1614a?
1708b
In base 13, what is 13ca79790 - 5?
13ca79788
In base 14, what is 7787d - 7?
77876
In base 11, what is 507 + -173381?
-172975
In base 3, what is 1100 + 12022010001211?
12022010010011
In base 11, what is 1a0821 + 54a?
1a1270
In base 10, what is 3 + -195028827?
-195028824
In base 6, what is 14243401 + -1322?
14242035
In base 3, what is -1 + 120201210011020112?
120201210011020111
In base 13, what is -540 + -b1031?
-b1571
In base 2, what is 10101110101100000 - -1000100?
10101110110100100
In base 8, what is 3 + 5000446?
5000451
In base 7, what is 136 - -23651055?
23651224
In base 7, what is 3112 + -241143?
-235031
In base 11, what is 33991 + 195?
34076
In base 10, what is -663799 + 134?
-663665
In base 8, what is 2440147 - 117?
2440030
In base 16, what is 3c1e6365 - -4?
3c1e6369
In base 14, what is 1206 + -10add?
-d8d7
In base 15, what is -29b2d8 + e?
-29b2c9
In base 10, what is 143789 - 3?
143786
In base 10, what is 489 + 789332?
789821
In base 6, what is 2232511551 + 13?
2232512004
In base 10, what is 118 - -728420?
728538
In base 13, what is -5 + -12a31712?
-12a31717
In base 15, what is a6672 - -b?
a667d
In base 13, what is -6 - -39a37aa?
39a37a4
In base 13, what is 93a - -3360?
3c9a
In base 3, what is 1 - -100010200221201?
100010200221202
In base 8, what is 24053341 + -322?
24053017
In base 12, what is 75b0 - 72b?
6a81
In base 3, what is 10010110 + -201002?
2102101
In base 4, what is -222031201300223 - 1?
-222031201300230
In base 14, what is 49c724c + 2?
49c7250
In base 8, what is -14252 + 1451?
-12601
In base 13, what is 3 + 7a0610?
7a0613
In base 16, what is 133517 - d?
13350a
In base 13, what is 2953938 + 5?
2953940
In base 8, what is -15 + 1233656?
1233641
In base 13, what is 51b1 + -cb79?
-7998
In base 8, what is -7442521 - -4?
-7442515
In base 2, what is -11010000 - 1101011000110100?
-1101011100000100
In base 13, what is 968bc + 4c?
9693b
In base 8, what is -64152466 - 3?
-64152471
In base 7, what is -511 - 155163?
-156004
In base 15, what is 2 + -a457ee?
-a457ec
In base 5, what is 1324203 - 2211?
1321442
In base 16, what is -534f53e + 5?
-534f539
In base 12, what is -5 - -257a68?
257a63
In base 15, what is 6701a + -76?
66e94
In base 8, what is 7 + 176155030?
176155037
In base 16, what is -13a71caf - -4?
-13a71cab
In base 8, what is 113 - -51227062?
51227175
In base 4, what is 10120130011 - -11001?
10120201012
In base 3, what is 10221012 - 2020002211?
-2002011122
In base 12, what is 474 + 94b?
1203
In base 9, what is 1822 + 4083?
6015
In base 10, what is -1 - -26989796?
26989795
In base 3, what is 10012000 - -122001002?
202020002
In base 13, what is 2 - 3687c50?
-3687c4b
In base 16, what is da + -9fbab?
-9fad1
In base 13, what is 8040398 + 5?
80403a0
In base 10, what is 12971 - 19442?
-6471
In base 16, what is 62e31 + -1c?
62e15
In base 12, what is -4478 - 392b?
-81a7
In base 11, what is 70 - -27237?
272a7
In base 16, what is 3 + -b31dd1?
-b31dce
In base 10, what is 281234 - 110?
281124
In base 15, what is -864949 - -27?
-864922
In base 2, what is 1011000 - -1101001110001111?
1101001111100111
In base 4, what is -2 - 10332333220?
-10332333222
In base 11, what is 45835 + 1864?
47599
In base 9, what is 32603 + 1348?
34052
In base 10, what is 0 - -160821979?
160821979
In base 9, what is -3417061301 - 3?
-3417061304
In base 12, what is 16283016b + 0?
16283016b
In base 4, what is 223221 + -103202222?
-102313001
In base 14, what is -111c - -6ad62?
69c44
In base 14, what is -27c682 - -a6?
-27c5ba
In base 2, what is 101111010001110100 - -10000?
101111010010000100
In base 6, what is 335 - -112521040?
112521415
In base 5, what is 1421000 + 411013?
2332013
In base 3, what is 10 + -1122111121102211?
-1122111121102201
In base 5, what is 3023032014 - -14?
3023032033
In base 16, what is 15b0 + 14d?
16fd
In base 9, what is 330782745 + -1?
330782744
In base 14, what is -465718 - -3?
-465715
In base 2, what is -11100110000100 - 10000010000100000?
-10011110110100100
In base 12, what is 781 - 4a058?
-49497
In base 3, what is -12 - -2112112101001120?
2112112101001101
In base 8, what is 11104 - -333?
11437
In base 13, what is -221 - -7a41?
7820
In base 7, what is -32 - 5402136?
-5402201
In base 5, what is -33400 - -322133?
233233
In base 4, what is -202 + 2102222101?
2102221233
In base 6, what is -101000011 + -5?
-101000020
In base 6, what is 30224155 + -22?
30224133
In base 4, what is -1 + 31203001002320?
31203001002313
In base 12, what is -5b984 + ba?
-5b886
In base 12, what is -255373 - -4?
-25536b
In base 16, what is 1f6387 + 3?
1f638a
In base 2, what is 111010100110011100011010 - 11?
111010100110011100010111
In base 6, what is 12555 - -30444?
43443
In base 16, what is 48fcb + -75?
48f56
In base 2, what is 1111110010001100001000010000 + -101?
1111110010001100001000001011
In base 9, what is -124 - 50720?
-50844
In base 9, what is -8 - -230224?
230215
In base 12, what is 38 - 38a17b?
-38a143
In base 9, what is -10043574 + -1?
-10043575
In base 16, what is -298fdc - -8?
-298fd4
In base 5, what is -30343143330 - 1?
-30343143331
In base 16, what is -38d3e + 77?
-38cc7
In base 7, what is 0 + -1663121?
-1663121
In base 16, what is 97dc9 - 4?
97dc5
In base 7, what is 1062061 + -32?
1062026
In base 7, what is -52 - 21351?
-21433
In base 4, what is 1212 - 1221030231?
-1221023013
In base 12, what is -106b04aaa - -5?
-106b04aa5
In base 11, what is 30284 + -383?
2aa01
In base 10, what is 1064306779 + 3?
1064306782
In base 3, what is -2210001 + -11211?
-2221212
In base 11, what is -1146774 + 1?
-1146773
In base 5, what is -10 + 200201334?
200201324
In base 6, what is -3 - 2112245121?
-2112245124
In base 16, what is 3 - -1fa07f6?
1fa07f9
In base 15, what is -487ca8 + 32?
-487c76
In base 5, what is -132113 + -1320020?
-2002133
In base 7, what is 21520166 - -501?
21521000
In base 6, what is 2222 - 14234022?
-14231400
In base 2, what is -1001 + -1000110010011110000111010?
-1000110010011110001000011
In base 14, what is 10a05c9 - -5?
10a05d0
In base 13, what is -13b + -2b990?
-2bacb
In base 12, what is -14 + -22553b?
-225553
In base 7, what is -3 + -56561324?
-56561330
In base 11, what is 1398a - -1991?
15870
In base 2, what is -101 + -100110000001100010001?
-100110000001100010110
In base 3, what is -200201 + 2011002021?
2010101120
In base 6, what is -553054 + 35400?
-513254
In base 14, what is -9 - 242db05?
-242db10
In base 4, what is 100 + -11310333222?
-11310333122
In base 10, what is -58579 - 71?
-58650
In base 9, what is -1587 + 706?
-781
In base 2, what is 10 - 1111111000110010101111011?
-1111111000110010101111001
In base 12, what is -43956 + 29?
-43929
In base 4, what is 21 + 1113200311?
1113200332
In base 10, what is -197799 + -82?
-197881
In base 8, what is 4526 + 110701?
